or of 60 and 960?
60
Calculate the greatest common divisor of 15811 and 163.
163
Calculate the highest common factor of 722 and 19.
19
What is the highest common divisor of 93 and 1612?
31
What is the greatest common factor of 9 and 7?
1
What is the greatest common factor of 46 and 40?
2
What is the greatest common divisor of 50 and 110?
10
Calculate the greatest common factor of 14 and 350.
14
Calculate the highest common factor of 12 and 17076.
12
What is the greatest common divisor of 7 and 203?
7
Calculate the highest common divisor of 130 and 767.
13
Calculate the highest common factor of 3 and 7.
1
What is the highest common factor of 198 and 15642?
198
Calculate the greatest common divisor of 78 and 2496.
78
Calculate the highest common divisor of 5 and 1830.
5
What is the greatest common divisor of 2265 and 45?
15
What is the highest common divisor of 320 and 60?
20
Calculate the greatest common factor of 2451 and 86.
43
What is the highest common factor of 1790 and 10?
10
What is the highest common factor of 162 and 36?
18
Calculate the highest common factor of 110 and 40.
10
Calculate the greatest common divisor of 1521 and 39.
39
What is the highest common divisor of 120 and 90?
30
What is the greatest common divisor of 88 and 5962?
22
Calculate the greatest common factor of 160 and 64960.
160
Calculate the greatest common factor of 864 and 80.
16
Calculate the greatest common divisor of 22 and 5126.
22
What is the highest common factor of 891 and 44?
11
What is the highest common divisor of 76 and 1102?
38
What is the highest common factor of 385 and 56?
7
What is the highest common divisor of 350 and 60?
10
What is the highest common factor of 141 and 4089?
141
Calculate the highest common divisor of 204 and 288.
12
What is the greatest common divisor of 1242 and 540?
54
What is the greatest common divisor of 236 and 20?
4
What is the highest common divisor of 276 and 414?
138
What is the highest common factor of 60 and 735?
15
What is the greatest common divisor of 15 and 4335?
15
What is the highest common factor of 300 and 216?
12
Calculate the greatest common divisor of 104 and 130.
26
What is the highest common divisor of 594 and 3429?
27
Calculate the highest common factor of 207 and 711.
9
Calculate the greatest common factor of 3850 and 616.
154
What is the greatest common factor of 100 and 19150?
50
Calculate the greatest common factor of 58 and 493.
29
Calculate the greatest common factor of 45 and 4455.
45
Calculate the highest common factor of 45 and 207.
9
Calculate the highest common divisor of 833 and 34.
17
What is the highest common divisor of 120 and 520?
40
Calculate the greatest common divisor of 4482 and 166.
166
What is the greatest common factor of 1428 and 1666?
238
What is the greatest common divisor of 70 and 175?
35
What is the highest common factor of 18740 and 20?
20
What is the greatest common divisor of 2534 and 56?
14
Calculate the highest common divisor of 9 and 5.
1
Calculate the highest common factor of 11 and 891.
11
Calculate the highest common factor of 2124 and 18.
18
Calculate the greatest common divisor of 24 and 54.
6
Calculate the greatest common factor of 70 and 532.
14
What is the greatest common factor of 40 and 230?
10
Calculate the highest common divisor of 156 and 48.
12
Calculate the greatest common divisor of 640 and 32.
32
What is the highest common divisor of 672 and 40?
8
What is the highest common divisor of 2856 and 8364?
204
What is the highest common divisor of 33 and 2937?
33
Calculate the highest common divisor of 352 and 32.
32
Calculate the greatest common factor of 214 and 1177.
107
Calculate the greatest common factor of 490 and 10.
10
What is the highest common factor of 16 and 20584?
8
What is the highest common factor of 3289 and 182?
13
Calculate the highest common divisor of 42 and 18.
6
What is the greatest common divisor of 124 and 1116?
124
What is the greatest common factor of 156 and 52?
52
Calculate the highest common factor of 69 and 69.
69
What is the highest common factor of 234 and 2626?
26
Calculate the greatest common factor of 430 and 1230.
10
What is the highest common divisor of 68 and 867?
17
Calculate the highest common divisor of 540 and 140.
20
What is the greatest common divisor of 817 and 2150?
43
What is the highest common divisor of 26 and 158?
2
Calculate the greatest common factor of 60 and 25260.
60
Calculate the highest common factor of 53 and 159.
53
What is the greatest common divisor of 216 and 564?
12
What is the highest common divisor of 18 and 3681?
9
Calculate the highest common divisor of 24 and 2526.
6
Calculate the highest common factor of 296 and 444.
148
What is the greatest common factor of 335 and 295?
5
Calculate the highest common factor of 325 and 39.
13
Calculate the greatest common divisor of 238 and 1530.
34
What is the highest common divisor of 553 and 329?
7
Calculate the highest common divisor of 848 and 128.
16
Calculate the highest common divisor of 240 and 760.
40
Calculate the highest common divisor of 52 and 676.
52
Calculate the highest common divisor of 1441 and 187.
11
Calculate the highest common divisor of 133 and 21.
7
Calculate the greatest common divisor of 161 and 253.
23
Calculate the greatest common divisor of 74 and 10.
2
Calculate the greatest common divisor of 134 and 5762.
134
Calculate the highest common factor of 292 and 219.
73
What is the highest common divisor of 531 and 81?
9
Calculate the greatest common factor of 924 and 9636.
132
What is the highest common divisor of 6730 and 20?
10
Calculate the greatest common divisor of 7068 and 912.
228
Calculate the greatest common divisor of 3 and 48.
3
Calculate the greatest common divisor of 7340 and 50.
10
Calculate the highest common factor of 21 and 42.
21
Calculate the highest common divisor of 25842 and 73.
73
What is the greatest common factor of 41 and 133906?
41
What is the highest common factor of 404 and 4?
4
Calculate the highest common factor of 80 and 100.
20
What is the greatest common factor of 88 and 5896?
88
Calculate the highest common divisor of 2650 and 212.
106
What is the greatest common factor of 144 and 27?
9
What is the highest common factor of 298 and 17433?
149
What is the greatest common factor of 1212 and 12?
12
Calculate the greatest common divisor of 1134 and 126.
126
What is the greatest common divisor of 279 and 99?
9
Calculate the greatest common divisor of 187 and 11.
11
What is the highest common divisor of 572 and 44?
44
What is the greatest common divisor of 1962 and 18?
18
Calculate the highest common divisor of 11 and 539.
11
What is the greatest common factor of 154 and 224?
14
What is the greatest common divisor of 415 and 45?
5
Calculate the highest common divisor of 100 and 425.
25
What is the greatest common divisor of 57 and 2109?
57
What is the highest common factor of 36 and 1422?
18
Calculate the highest common factor of 549 and 61.
61
What is the greatest common factor of 14 and 4886?
14
What is the highest common divisor of 34 and 7990?
34
Calculate the greatest common divisor of 1792 and 24640.
448
What is the highest common factor of 533 and 82?
41
Calculate the highest common divisor of 113 and 2147.
113
Calculate the greatest common divisor of 148 and 259.
37
Calculate the greatest common divisor of 77 and 110.
11
Calculate the highest common divisor of 42142 and 76.
38
What is the highest common divisor of 618 and 30?
6
Calculate the highest common factor of 10287 and 127.
127
What is the greatest common divisor of 140 and 56?
28
Calculate the greatest common divisor of 15 and 1425.
15
What is the highest common divisor of 207 and 171?
9
Calculate the greatest common divisor of 3 and 759.
3
What is the highest common divisor of 13 and 78091?
13
What is the highest common divisor of 32 and 112?
16
What is the highest common factor of 1162 and 913?
83
Calculate the greatest common factor of 21 and 119.
7
Calculate the greatest common divisor of 1 and 117.
1
What is the highest common factor of 427 and 244?
61
Calculate the greatest common divisor of 7 and 6377.
7
What is the greatest common divisor of 55 and 33?
11
What is the greatest common divisor of 196 and 147?
49
Calculate the gre